245233 a prime number?
False
Is 1147019 a composite number?
True
Is 60533 a prime number?
False
Is 18698 composite?
True
Is 20695 a composite number?
True
Is 95581 composite?
False
Is 30109 composite?
False
Is 76683 prime?
False
Is 10277 prime?
False
Is 811106 prime?
False
Is 62043 prime?
False
Is 331133 prime?
False
Is 30971 composite?
False
Is 9221 composite?
False
Is 283889 composite?
True
Is 11186273 prime?
False
Is 83497 a composite number?
False
Is 185359 a composite number?
False
Is 42221 prime?
True
Is 599227 composite?
True
Is 1953235 composite?
True
Is 1486235 a composite number?
True
Is 24974 prime?
False
Is 353257 a composite number?
True
Is 31579 composite?
True
Is 4241 composite?
False
Is 740987 prime?
False
Is 61733 a composite number?
True
Is 37747 a prime number?
True
Is 2063 prime?
True
Is 317221 a composite number?
True
Is 1433183 prime?
False
Is 161717 composite?
False
Is 9221 a prime number?
True
Is 51539 a composite number?
False
Is 2927 a composite number?
False
Is 11747 a prime number?
False
Is 82637 composite?
True
Is 5381 composite?
False
Is 456871 prime?
True
Is 173319 a composite number?
True
Is 5509 a prime number?
False
Is 57871 composite?
True
Is 2110747 a composite number?
True
Is 326423 prime?
False
Is 24014 a prime number?
False
Is 42433 a prime number?
True
Is 11311 a prime number?
True
Is 23866 a prime number?
False
Is 492227 prime?
True
Is 97217 a prime number?
False
Is 346529 prime?
True
Is 14267 a prime number?
False
Is 5813 composite?
False
Is 1418459 a composite number?
True
Is 185 a composite number?
True
Is 7427 a prime number?
False
Is 4609 a prime number?
False
Is 4357 prime?
True
Is 58601 a prime number?
True
Is 269617 prime?
True
Is 7483 composite?
True
Is 57307 prime?
False
Is 67333 composite?
True
Is 9742 prime?
False
Is 443263 a prime number?
True
Is 19441 a prime number?
True
Is 952247 a prime number?
True
Is 587219 composite?
False
Is 28907 a composite number?
True
Is 10663 a composite number?
False
Is 3317 a prime number?
False
Is 4171 prime?
False
Is 24439 composite?
False
Is 14349 composite?
True
Is 102171 a prime number?
False
Is 183239 a prime number?
False
Is 2081 a composite number?
False
Is 66457 prime?
True
Is 68603 a composite number?
True
Is 67679 a prime number?
True
Is 9643 composite?
False
Is 1790221 prime?
True
Is 223963 a prime number?
True
Is 2137 a composite number?
False
Is 266573 a prime number?
False
Is 508897 composite?
True
Is 31111 a prime number?
False
Is 5161 prime?
False
Is 911 prime?
True
Is 24943 a composite number?
False
Is 1320451 a composite number?
True
Is 490201 composite?
False
Is 5147 prime?
True
Is 114943 a prime number?
False
Is 248503 a composite number?
True
Is 57881 a composite number?
False
Is 94421 a prime number?
True
Is 39101 composite?
True
Is 617189 prime?
True
Is 6547 prime?
True
Is 78779 a prime number?
True
Is 64133 a composite number?
True
Is 21899 a composite number?
True
Is 6185 prime?
False
Is 11686 a composite number?
True
Is 8663 a composite number?
False
Is 321221 prime?
True
Is 35213 a prime number?
False
Is 3381667 a prime number?
False
Is 49843 a prime number?
True
Is 4319 composite?
True
Is 12941 prime?
True
Is 56371 prime?
False
Is 66337 a prime number?
True
Is 54427 prime?
False
Is 5435 prime?
False
Is 181123 a prime number?
True
Is 134449 composite?
True
Is 130477 composite?
False
Is 8443 composite?
False
Is 7087 a composite number?
True
Is 2230451 a composite number?
True
Is 852613 a prime number?
True
Is 29503 prime?
False
Is 103297 a prime number?
False
Is 681 a composite number?
True
Is 290846 a prime number?
False
Is 136507 composite?
True
Is 100447 a composite number?
False
Is 231943 a prime number?
True
Is 53503 composite?
False
Is 1117 composite?
False
Is 75171 a composite number?
True
Is 408911 a prime number?
True
Is 2029 a prime number?
True
Is 46133 a prime number?
True
Is 144629 prime?
True
Is 997 prime?
True
Is 11579 a prime number?
True
Is 74863 a prime number?
False
Is 720179 a prime number?
True
Is 363941 composite?
False
Is 223543 prime?
True
Is 20317 a composite number?
True
Is 20467 composite?
True
Is 12217 prime?
False
Is 6521 a composite number?
False
Is 563327 composite?
False
Is 557003 a prime number?
False
Is 15493 a prime number?
True
Is 6383 a prime number?
False
Is 9358 a composite number?
True
Is 13801 a prime number?
False
Is 111833 composite?
False
Is 300521 prime?
False
Is 25939 a composite number?
False
Is 24879 a prime number?
False
Is 32117 composite?
False
Is 12055 a composite number?
True
Is 8259 a prime number?
False
Is 1009 a prime number?
True
Is 127847 composite?
True
Is 86627 a composite number?
False
Is 5582 a prime number?
False
Is 189061 a prime number?
True
Is 22394 a composite number?
True
Is 7093 a prime number?
False
Is 214177 prime?
True
Is 150809 prime?
False
Is 612497 a composite number?
False
Is 131 a composite number?
False
Is 39971 a composite number?
False
Is 699 prime?
False
Is 44953 a prime number?
True
Is 1507 a prime number?
False
Is 163159 prime?
False
Is 252295 composite?
True
Is 1750039 a prime number?
False
Is 5227 a composite number?
False
Is 2513 a prime number?
False
Is 2779 a prime number?
False
Is 125654 prime?
False
Is 871553 a prime number?
True
Is 108707 a composite number?
False
Is 46439 a composite number?
False
Is 170741 a composite number?
False
Is 1354981 composite?
False
Is 51159 a prime number?
False
Is 2912623 prime?
False
Is 16631 a composite number?
False
Is 1248295 composite?
True
Is 2315227 composite?
False
Is 33599 a composite number?
False
Is 5963 composite?
True
Is 69157 prime?
False
Is 99551 a composite number?
False
Is 27263 a composite number?
True
Is 61331 prime?
True
Is 503 composite?
False
Is 210253 composite?
True
Is 12499 prime?
False
Is 4861 prime?
True
Is 285743 a prime number?
False
Is 61621 prime?
False
Is 15013 a composite number?
False
Is 21247 prime?
True
Is 7321 a prime number?
True
Is 7369 a prime number?
True
Is 143941 a prime number?
False
Is 1180951 composite?
False
Is 22901 a prime number?
True
Is 213433 a composite number?
True
Is 7507 composite?
False
Is 305623 composite?
True
Is 27505 prime?
False
Is 1763 prime?
False
Is 32771 a prime number?
True
Is 1367 a prime number?
True
Is 476347 a composite number?
False
Is 203789 a prime number?
True
Is 20993 prime?
False
Is 17635 composite?
True
Is 13033 composite?
False
Is 152377 a composite number?
False
Is 17323 composite?
True
Is 22051 composite?
False
Is 33379 prime?
False
Is 318631 a prime number?
False
Is 5353 prime?
False
Is 6999 a composite number?
True
Is 9899 a prime number?
False
Is 252431 composite?
False
Is 29921 a prime number?
True
Is 23893 a composite number?
False
Is 38195 prime?
False
Is 190207 a prime number?
True
Is 4303 a prime number?
False
Is 148069 a prime number?
False
Is 48073 a prime number?
True
Is 254809 prime?
False
Is 20921 a prime number?
True
Is 1318457 a composite number?
True
Is 901941 a composite number?
True
Is 13517 prime?
False
Is 176773 a prime number?
False
Is 258149 a prime number?
False
Is 14519 a prime number?
True
Is 12202 prime?
False
Is 7753 prime?
True
Is 43559 composite?
True
Is 153851 a composite number?
True
Is 37243 a prime number?
True
Is 56941 a composite number?
False
Is 2163787 a composite number?
False
Is 39791 a prime number?
True
Is 1693 a composite number?
False
Is 60239 composite?
True
Is 52121 prime?
True
Is 12659 a composite number?
False
Is 246311 prime?
False
Is 564193 composite?
True
Is 7283 prime?
True
Is 5519 composite?
False
Is 29453 a composite number?
False
Is 87251 a prime number?
True
Is 44179 prime?
True
Is 21635 a composite number?
True
Is 58397 prime?
False
Is 2525719 prime?
False
Is 43063 prime?
True
Is 666187 a composite number?
False
Is 514573 a prime number?
False
Is 1703 a prime number?
False
Is 12307 composite?
True
Is 379 a composite number?
False
Is 256645 a composite number?
True
Is 134867 a composite number?
False
Is 3821 prime?
True
Is 6261 a composite number?
True
Is 2878247 a prime number?
True
Is 659699 a composite number?
True
Is 346361 prime?
True
Is 69679 prime?
False
Is 117083 prime?
False
Is 260137 a composite number?
False
Is 143713 a composite number?
True
Is 13241 a prime numb